(q) = 2*m(q) + r(q). What is the remainder when f(7) is divided by 11?
8
Let r = -98 - -164. Suppose -f = 2*f - r. What is the remainder when f is divided by 12?
10
Suppose -4*r + 1 = -183. Suppose o = -13 + r. What is the remainder when o is divided by 212/18 - 6/(-27)?
9
Suppose 4*u + 4*i = 36, 2*u = u - 2*i + 13. Suppose 5*l - 65 = -u*s, -5*s + 13 = 4*l - 35. What is the remainder when l is divided by 7?
3
What is the remainder when (-32)/112 - (-1040)/14 is divided by 19?
17
Let l(j) = -j**2 + 4*j. Calculate the remainder when (-1)/(-1) - -10 - 3 is divided by l(3).
2
Let i be (-2)/(-4) - 1985/(-10). Suppose -3*f + 69 - i = -5*o, -3*o - 2*f = -78. Calculate the remainder when o is divided by 99/7 - 9/63.
12
Let b(m) = 7*m**2 - 4*m + 4. What is the remainder when b(-3) is divided by 9?
7
Let d(m) = m**2 - 3. Let s = 7 + -6. Let w be -2 + 3 + -6 + s. Calculate the remainder when 49 is divided by d(w).
10
Let m(p) = 8*p + 1. Let b be m(1). Let c = 13 + b. Calculate the remainder when c is divided by 12.
10
Suppose 0 = 2*j + 2*v - 34, -3*j - 5*v = -v - 48. What is the remainder when 58 is divided by j?
18
Let d = 179 - 24. Suppose -c + 2*n + 19 = -16, -4*c + 3*n + d = 0. Calculate the remainder when c is divided by 14.
13
What is the remainder when 14 is divided by 4*1/(-2) - -7?
4
Suppose -4*b = -5*q - 5*b - 22, q - b + 2 = 0. Let t(h) = -h**3 - 4*h**2 - 5*h + 2. What is the remainder when 63 is divided by t(q)?
19
Let q(b) = 7 + 23*b - 32*b - 2*b**2 + b**2. What is the remainder when 26 is divided by q(-8)?
11
Let j(x) = x**2 + 3*x + 1. Let o(h) = h + 4. Let l be o(-2). Suppose l = 3*n - r, n - 5*r = -2 - 2. What is the remainder when n is divided by j(-3)?
0
Let q(t) = -t**2 + 6*t - 7. Let k be q(3). Suppose b + 10 = k*b. What is the remainder when 17 is divided by b?
7
Let n(y) = y**2 + 7*y + 9. Calculate the remainder when n(-8) is divided by (-64)/24*15/(-4).
7
Let s(b) = -b**2 + 8*b + 1. Let f be 2 - (-1 + 2 + -2). Suppose f*j = -2*j + 185. What is the remainder when j is divided by s(6)?
11
Suppose -2*w = -2*u - 176, -7*w - u = -3*w - 362. Calculate the remainder when w is divided by 4.
2
Let w(q) = q**2 - 4*q + 5. Calculate the remainder when w(6) is divided by 6.
5
Let v = -15 + 20. Suppose -v*g = -0*g - 60. Calculate the remainder when 20 is divided by g.
8
Let x = -35 - -54. Let a(u) = 80*u**3 + u**2 - u - 1. Let g be a(-1). What is the remainder when x is divided by 2/16 - g/8?
9
Suppose -3*m - 48 = 2*n, 4*n + 4*m = 2*m - 104. Let c(z) = 2*z + 2. Let a be c(-3). Let v = a - n. Calculate the remainder when v is divided by 12.
11
Let y = 4 + -2. Suppose -y*t - 6 = -4*t. What is the remainder when 5 is divided by t?
2
Let f(m) = m**2 + 11*m + 17. Calculate the remainder when 201 is divided by f(-11).
14
Let m = 24 + -17. Calculate the remainder when 13 is divided by m.
6
Let f(j) = j**2 - 3*j - 9. Let u = 9 - 5. Suppose -8 = u*n - 36. Calculate the remainder when f(7) is divided by n.
5
What is the remainder when 137 is divided by (5/(-10))/(2/(-128)) - -3?
32
What is the remainder when 57 is divided by -2*1 + 34/2?
12
Let y = 71 - 2. Calculate the remainder when y is divided by -36*((-21)/14 + (4 - 3)).
15
Let a(p) = -p**3 + 7*p**2 - 5*p + 2. What is the remainder when a(5) is divided by 16?
11
Suppose 4*b - 2*b - w - 38 = 0, -5*w = -b + 28. Suppose 3*m + 4*c = 7*m - 44, 5*m = -4*c + 46. What is the remainder when b is divided by m?
8
Calculate the remainder when 71 is divided by 1 + 2 + 17*(-3 + 5).
34
What is the remainder when 53 is divided by (6/(-10))/((-21)/630)?
17
Let s = 0 + 5. Suppose -5*y + s*l + 40 = 0, 5*l + 32 = -0*y + 4*y. Suppose 0*p - 2*p + 30 = 0. Calculate the remainder when p is divided by y.
7
Suppose 0 = 5*h - 20 - 195. What is the remainder when 85 is divided by h?
42
Let n = 38 - 36. Let f(i) = 17*i**2 - i. Calculate the remainder when 51 - (0/n)/(-3) is divided by f(-1).
15
Suppose 14 = 4*f - 3*f - 5*a, -5*f + 70 = -a. Calculate the remainder when f is divided by 8.
6
Suppose 4*o + 600 = -5*h + 10*h, 120 = h - o. Calculate the remainder when h is divided by 42.
36
Let b = -12 - -26. What is the remainder when b is divided by 5?
4
Suppose s = 4*s + 12, -5*h = 2*s - 642. What is the remainder when h is divided by 33?
31
Let i = 5 + -8. Let q(z) = z**2 - z - 4. Let u be q(i). Calculate the remainder when ((-24)/10)/(u/(-100)) is divided by 16.
14
Calculate the remainder when -327*2*(-1)/6 - 3 is divided by 22.
18
Let c(n) = 7*n**2 + 4*n + 2. Let y = 17 - 5. Calculate the remainder when c(-2) is divided by y.
10
Let x be (-42)/(-12)*(-40)/(-14). Let i = 18 - x. Suppose 28 + i = 3*p. What is the remainder when 22 is divided by p?
10
Let p(j) = j + 5. Let l be p(-3). Suppose v + 3*q = l*v - 15, -v + 17 = -5*q. Let c = v - 5. Calculate the remainder when 27 is divided by c.
6
Let f be 2/(-1)*62/(-1). Let o = 81 - 153. Let j = o + f. Calculate the remainder when j is divided by 18.
16
Suppose 4*v - 17 = -1. Suppose -v*k + 3*k + 49 = 0. What is the remainder when k is divided by 17?
15
Let n = 162 + 38. Suppose m = -4*u + 188, 4*u = m + m + n. Let t = 27 - 10. Calculate the remainder when u is divided by t.
14
Suppose -83 = -3*b + 2*x, -5*b = -2*b + 3*x - 63. Let o = 66 + 32. Calculate the remainder when o is divided by b.
23
Let l(m) = -m**2 + 8*m. Let v be l(8). Suppose 0 = 3*i + 2*h - 215 - 48, -i - 5*h + 92 = v. Let c = 130 - i. What is the remainder when c is divided by 15?
13
Let b(w) = 3*w - 23. Calculate the remainder when 18 is divided by b(11).
8
Let g(m) be the first derivative of -m**4/4 - 3*m**3 + 9*m**2/2 - 2*m + 4. Calculate the remainder when 21 is divided by g(-10).
5
Let g = 11 + -8. Suppose 4*x - g*n = 12, 0 = -x + 2*n + 5 - 2. Suppose -q = -x*q + 3*a - 2, -13 = -5*q + 3*a. Calculate the remainder when q is divided by 2.
1
Let w = 39 - 19. What is the remainder when w is divided by 6?
2
Suppose -5*t + 3*j - 4*j = -66, -30 = -t + 4*j. Let q = t + -10. Calculate the remainder when q is divided by 3.
1
Let d = 37 + -24. Calculate the remainder when 25 is divided by d.
12
Let n(v) = -v + 2*v + 0 + 3. Let w be n(0). Suppose w*r + r = 2*f + 92, -4*f = 8. Calculate the remainder when r is divided by 8.
6
Suppose -16*l + 20*l = -x + 24, -2*l = 5*x - 30. Let v(w) = 1 + 0*w + 1 + w. Calculate the remainder when l is divided by v(2).
1
Let u(h) = 6*h + 1. Let r be u(3). Let q = -27 + r. What is the remainder when (-4)/q - 243/(-6) is divided by 11?
8
Suppose 299 = 3*w - 175. Calculate the remainder when w*(-3 + 21/6) is divided by 27.
25
Suppose 36 = -2*p + 22. Let v = 8 + -16. Let w = p - v. Calculate the remainder when 1 is divided by w.
0
Suppose -3*y + 2*x + 2*x = -8, -2*x = -y. What is the remainder when 23 is divided by y?
7
Suppose -4*d + 2*d - 84 = -5*x, -x - d + 21 = 0. Calculate the remainder when 53 is divided by x.
17
Suppose -f + 185 = 3*k, -4*f = 1 + 3. Calculate the remainder when k is divided by 16.
14
Let t = 8 + 7. Calculate the remainder when 43 is divided by t.
13
Let y(l) be the first derivative of 0*l - 2 + 5/3*l**3 - 1/4*l**4 + l**2. Calculate the remainder when 19 is divided by y(5).
9
Let h = -131 + 190. What is the remainder when h is divided by -2 + (-276)/(-15) - (-10)/(-25)?
11
Let v = -14 - -22. Suppose -3*d - 2*d = -25. Calculate the remainder when v is divided by d.
3
Let a(w) = -45*w - 2. What is the remainder when a(-1) is divided by 15?
13
Let n = 83 - 48. What is the remainder when n is divided by 19?
16
Let w(n) = 4*n + 5. Calculate the remainder when w(6) is divided by (0 - 15/(-6))*4.
9
Suppose -3*z + 9 = 0, -g - 3*z = -z - 21. Let p = g + -4. What is the remainder when 2*3/(-6) + 32 is divided by p?
9
What is the remainder when ((-8)/4)/(2/(-55)) is divided by 14?
13
What is the remainder when 59 is divided by 15/2*(-4)/(-3)?
9
Let x(m) be the first derivative of 1 + 6*m - 3/2*m**2. Calculate the remainder when 46 is divided by x(-6).
22
Suppose -5*y - 3*l - 154 = 0, -3*l = -3*y - y - 134. Let p = 11 - y. Let c(q) = -q**2 + 8*q + 8. What is the remainder when p is divided by c(7)?
13
Suppose -7*u + 28 = -2*g - 3*u, -2 = -g - 2*u. Calculate the remainder when g/9*3 - -19 is divided by 6.
5
Let y be (40 + -4)*6/4. Suppose 2*p = y - 4. Calculate the remainder when p i